{"id":9409,"date":"2026-03-13T15:51:51","date_gmt":"2026-03-13T14:51:51","guid":{"rendered":"https:\/\/aglae92.fr\/?page_id=9409"},"modified":"2026-03-13T15:59:42","modified_gmt":"2026-03-13T14:59:42","slug":"le-projet-detablissement","status":"publish","type":"page","link":"https:\/\/aglae92.fr\/index.php\/le-projet-detablissement\/","title":{"rendered":"Le projet d\u2019\u00e9tablissement\u00a0"},"content":{"rendered":"\t\t<div data-elementor-type=\"wp-page\" data-elementor-id=\"9409\" class=\"elementor elementor-9409\">\n\t\t\t\t\t\t<section class=\"elementor-section elementor-top-section elementor-element elementor-element-1503dd58 elementor-section-boxed elementor-section-height-default elementor-section-height-default qodef-elementor-content-no\" data-id=\"1503dd58\" data-element_type=\"section\" data-settings=\"{&quot;background_background&quot;:&quot;classic&quot;}\">\n\t\t\t\t\t\t<div class=\"elementor-container elementor-column-gap-default\">\n\t\t\t\t\t<div class=\"elementor-column elementor-col-100 elementor-top-column elementor-element elementor-element-2c0ea611\" data-id=\"2c0ea611\" data-element_type=\"column\">\n\t\t\t<div class=\"elementor-widget-wrap elementor-element-populated\">\n\t\t\t\t\t\t<div class=\"elementor-element elementor-element-1982fb5b elementor-widget elementor-widget-playroom_core_section_title\" data-id=\"1982fb5b\" data-element_type=\"widget\" data-widget_type=\"playroom_core_section_title.default\">\n\t\t\t\t<div class=\"elementor-widget-container\">\n\t\t\t\t\t<div class=\"qodef-shortcode qodef-m  qodef-section-title qodef-alignment--center \">\n        <span class=\"qodef-m-tagline\" style=\"margin-bottom: 12px\">Agla\u00e9<\/span>\r\n\t\t<h2 class=\"qodef-m-title\" >\n\t\t\t\t\tPhilosophie <span class=\"qodef-m-title--second-color\" style=\"color: #444444\">du<\/span> <span class=\"qodef-m-title--third-color\" style=\"color: #8dc8ae\">prendre<\/span> soin  \t\t\t<\/h2>\n\t<\/div>\t\t\t\t<\/div>\n\t\t\t\t<\/div>\n\t\t\t\t<div class=\"elementor-element elementor-element-dbba292 elementor-widget elementor-widget-playroom_core_section_title\" data-id=\"dbba292\" data-element_type=\"widget\" data-widget_type=\"playroom_core_section_title.default\">\n\t\t\t\t<div class=\"elementor-widget-container\">\n\t\t\t\t\t<div class=\"qodef-shortcode qodef-m  qodef-section-title qodef-alignment--left \">\n    \t\t<\/div>\t\t\t\t<\/div>\n\t\t\t\t<\/div>\n\t\t\t\t\t<\/div>\n\t\t<\/div>\n\t\t\t\t\t<\/div>\n\t\t<\/section>\n\t\t\t\t<section class=\"elementor-section elementor-top-section elementor-element elementor-element-2682e6a qodef-elementor-content-grid qodef-extended-grid qodef-extended-grid--right qodef-mobile-full-width elementor-section-full_width elementor-section-height-default elementor-section-height-default\" data-id=\"2682e6a\" data-element_type=\"section\" data-settings=\"{&quot;background_background&quot;:&quot;classic&quot;}\">\n\t\t\t\t\t\t<div class=\"elementor-container elementor-column-gap-default\">\n\t\t\t\t\t<div class=\"elementor-column elementor-col-50 elementor-top-column elementor-element elementor-element-32b3823\" data-id=\"32b3823\" data-element_type=\"column\" data-settings=\"{&quot;background_background&quot;:&quot;classic&quot;}\">\n\t\t\t<div class=\"elementor-widget-wrap elementor-element-populated\">\n\t\t\t\t\t\t<div class=\"elementor-element elementor-element-304dbe6 elementor-widget elementor-widget-image\" data-id=\"304dbe6\" data-element_type=\"widget\" data-widget_type=\"image.default\">\n\t\t\t\t<div class=\"elementor-widget-container\">\n\t\t\t\t\t\t\t\t\t\t\t\t\t\t\t<img fetchpriority=\"high\" decoding=\"async\" width=\"1133\" height=\"883\" src=\"https:\/\/aglae92.fr\/wp-content\/uploads\/2026\/03\/eveil2.jpg\" class=\"attachment-playroom_image_size_huge-square size-playroom_image_size_huge-square wp-image-9412\" alt=\"\" srcset=\"https:\/\/aglae92.fr\/wp-content\/uploads\/2026\/03\/eveil2.jpg 1133w, https:\/\/aglae92.fr\/wp-content\/uploads\/2026\/03\/eveil2-300x234.jpg 300w, https:\/\/aglae92.fr\/wp-content\/uploads\/2026\/03\/eveil2-1024x798.jpg 1024w, https:\/\/aglae92.fr\/wp-content\/uploads\/2026\/03\/eveil2-768x599.jpg 768w\" sizes=\"(max-width: 1133px) 100vw, 1133px\" \/>\t\t\t\t\t\t\t\t\t\t\t\t\t\t\t<\/div>\n\t\t\t\t<\/div>\n\t\t\t\t\t<\/div>\n\t\t<\/div>\n\t\t\t\t<div class=\"elementor-column elementor-col-50 elementor-top-column elementor-element elementor-element-86c7552\" data-id=\"86c7552\" data-element_type=\"column\" data-settings=\"{&quot;background_background&quot;:&quot;classic&quot;}\">\n\t\t\t<div class=\"elementor-widget-wrap elementor-element-populated\">\n\t\t\t\t\t\t<div class=\"elementor-element elementor-element-114116a elementor-widget elementor-widget-playroom_core_section_title\" data-id=\"114116a\" data-element_type=\"widget\" data-widget_type=\"playroom_core_section_title.default\">\n\t\t\t\t<div class=\"elementor-widget-container\">\n\t\t\t\t\t<div class=\"qodef-shortcode qodef-m  qodef-section-title qodef-alignment--left \">\n        <span class=\"qodef-m-tagline\" style=\"margin-bottom: 12px\">Agla\u00e9<\/span>\r\n\t\t<h3 class=\"qodef-m-title\" >\n\t\t\t\t\tCr\u00e9atif &amp; dynamique \t\t\t<\/h3>\n\t<\/div>\t\t\t\t<\/div>\n\t\t\t\t<\/div>\n\t\t\t\t<div class=\"elementor-element elementor-element-8369dfa elementor-widget elementor-widget-text-editor\" data-id=\"8369dfa\" data-element_type=\"widget\" data-widget_type=\"text-editor.default\">\n\t\t\t\t<div class=\"elementor-widget-container\">\n\t\t\t\t\t\t\t\t\t<p>Notre projet est bas\u00e9 sur la p\u00e9dagogie active et sur l\u2019exp\u00e9rimentation dans le respect du rythme et des besoins de l\u2019enfant. L\u2019enfant explore sous le regard bienveillant de l\u2019adulte qui lui propose un environnement adapt\u00e9 et riche.<br \/><br \/>Le projet se d\u00e9cline en fonction de th\u00e9matiques vari\u00e9es comme l\u2019\u00e9veil \u00e0 la nature, l\u2019\u00e9veil au go\u00fbt, l\u2019\u00e9veil artistique et sensoriel, l\u2019\u00e9veil musical\u2026 Il \u00e9volue dans le temps au fil des saisons et pour mieux r\u00e9pondre aux besoins des enfants (espace snoezelen mis en place en hiver, plantations au printemps \u2026)<\/p>\t\t\t\t\t\t\t\t<\/div>\n\t\t\t\t<\/div>\n\t\t\t\t\t<\/div>\n\t\t<\/div>\n\t\t\t\t\t<\/div>\n\t\t<\/section>\n\t\t\t\t<section class=\"elementor-section elementor-top-section elementor-element elementor-element-68dd7ce qodef-elementor-content-grid qodef-extended-grid qodef-extended-grid--right qodef-mobile-full-width elementor-section-full_width elementor-section-height-default elementor-section-height-default\" data-id=\"68dd7ce\" data-element_type=\"section\" data-settings=\"{&quot;background_background&quot;:&quot;classic&quot;}\">\n\t\t\t\t\t\t<div class=\"elementor-container elementor-column-gap-default\">\n\t\t\t\t\t<div class=\"elementor-column elementor-col-50 elementor-top-column elementor-element elementor-element-d40abf5\" data-id=\"d40abf5\" data-element_type=\"column\" data-settings=\"{&quot;background_background&quot;:&quot;classic&quot;}\">\n\t\t\t<div class=\"elementor-widget-wrap elementor-element-populated\">\n\t\t\t\t\t\t<div class=\"elementor-element elementor-element-38c0790 elementor-widget elementor-widget-playroom_core_section_title\" data-id=\"38c0790\" data-element_type=\"widget\" data-widget_type=\"playroom_core_section_title.default\">\n\t\t\t\t<div class=\"elementor-widget-container\">\n\t\t\t\t\t<div class=\"qodef-shortcode qodef-m  qodef-section-title qodef-alignment--left \">\n        <span class=\"qodef-m-tagline\" style=\"margin-bottom: 12px\">Agla\u00e9<\/span>\r\n\t\t<h3 class=\"qodef-m-title\" >\n\t\t\t\t\tL'\u00e9quipe \t\t\t<\/h3>\n\t<\/div>\t\t\t\t<\/div>\n\t\t\t\t<\/div>\n\t\t\t\t<div class=\"elementor-element elementor-element-b03ca6b elementor-widget elementor-widget-text-editor\" data-id=\"b03ca6b\" data-element_type=\"widget\" data-widget_type=\"text-editor.default\">\n\t\t\t\t<div class=\"elementor-widget-container\">\n\t\t\t\t\t\t\t\t\t<ul><li>1 directrice <\/li><li>1 \u00e9ducatrice de jeunes enfants <\/li><li>7 assistantes maternelles salari\u00e9es <\/li><li>Une psychologue <\/li><li>Une infirmi\u00e8re b\u00e9n\u00e9vole <\/li><\/ul>\t\t\t\t\t\t\t\t<\/div>\n\t\t\t\t<\/div>\n\t\t\t\t\t<\/div>\n\t\t<\/div>\n\t\t\t\t<div class=\"elementor-column elementor-col-50 elementor-top-column elementor-element elementor-element-5735c5b\" data-id=\"5735c5b\" data-element_type=\"column\">\n\t\t\t<div class=\"elementor-widget-wrap elementor-element-populated\">\n\t\t\t\t\t\t<div class=\"elementor-element elementor-element-aebf71e elementor-widget elementor-widget-image\" data-id=\"aebf71e\" data-element_type=\"widget\" data-widget_type=\"image.default\">\n\t\t\t\t<div class=\"elementor-widget-container\">\n\t\t\t\t\t\t\t\t\t\t\t\t\t\t\t<img decoding=\"async\" width=\"457\" height=\"609\" src=\"https:\/\/aglae92.fr\/wp-content\/uploads\/2026\/03\/Team.jpg\" class=\"attachment-playroom_image_size_huge-square size-playroom_image_size_huge-square wp-image-9413\" alt=\"\" srcset=\"https:\/\/aglae92.fr\/wp-content\/uploads\/2026\/03\/Team.jpg 457w, https:\/\/aglae92.fr\/wp-content\/uploads\/2026\/03\/Team-225x300.jpg 225w\" sizes=\"(max-width: 457px) 100vw, 457px\" \/>\t\t\t\t\t\t\t\t\t\t\t\t\t\t\t<\/div>\n\t\t\t\t<\/div>\n\t\t\t\t\t<\/div>\n\t\t<\/div>\n\t\t\t\t\t<\/div>\n\t\t<\/section>\n\t\t\t\t<section class=\"elementor-section elementor-top-section elementor-element elementor-element-11f03b9 qodef-elementor-content-grid qodef-extended-grid qodef-extended-grid--right qodef-mobile-full-width elementor-section-full_width elementor-section-height-default elementor-section-height-default\" data-id=\"11f03b9\" data-element_type=\"section\" data-settings=\"{&quot;background_background&quot;:&quot;classic&quot;}\">\n\t\t\t\t\t\t<div class=\"elementor-container elementor-column-gap-default\">\n\t\t\t\t\t<div class=\"elementor-column elementor-col-50 elementor-top-column elementor-element elementor-element-dad1695\" data-id=\"dad1695\" data-element_type=\"column\" data-settings=\"{&quot;background_background&quot;:&quot;classic&quot;}\">\n\t\t\t<div class=\"elementor-widget-wrap elementor-element-populated\">\n\t\t\t\t\t\t<div class=\"elementor-element elementor-element-f103375 elementor-widget elementor-widget-image\" data-id=\"f103375\" data-element_type=\"widget\" data-widget_type=\"image.default\">\n\t\t\t\t<div class=\"elementor-widget-container\">\n\t\t\t\t\t\t\t\t\t\t\t\t\t\t\t<img decoding=\"async\" width=\"810\" height=\"457\" src=\"https:\/\/aglae92.fr\/wp-content\/uploads\/2026\/03\/atelier-montessori.jpg\" class=\"attachment-playroom_image_size_huge-square size-playroom_image_size_huge-square wp-image-9358\" alt=\"\" srcset=\"https:\/\/aglae92.fr\/wp-content\/uploads\/2026\/03\/atelier-montessori.jpg 810w, https:\/\/aglae92.fr\/wp-content\/uploads\/2026\/03\/atelier-montessori-300x169.jpg 300w, https:\/\/aglae92.fr\/wp-content\/uploads\/2026\/03\/atelier-montessori-768x433.jpg 768w\" sizes=\"(max-width: 810px) 100vw, 810px\" \/>\t\t\t\t\t\t\t\t\t\t\t\t\t\t\t<\/div>\n\t\t\t\t<\/div>\n\t\t\t\t\t<\/div>\n\t\t<\/div>\n\t\t\t\t<div class=\"elementor-column elementor-col-50 elementor-top-column elementor-element elementor-element-24cf099\" data-id=\"24cf099\" data-element_type=\"column\" data-settings=\"{&quot;background_background&quot;:&quot;classic&quot;}\">\n\t\t\t<div class=\"elementor-widget-wrap elementor-element-populated\">\n\t\t\t\t\t\t<div class=\"elementor-element elementor-element-81a0e11 elementor-widget elementor-widget-playroom_core_section_title\" data-id=\"81a0e11\" data-element_type=\"widget\" data-widget_type=\"playroom_core_section_title.default\">\n\t\t\t\t<div class=\"elementor-widget-container\">\n\t\t\t\t\t<div class=\"qodef-shortcode qodef-m  qodef-section-title qodef-alignment--left \">\n        <span class=\"qodef-m-tagline\" style=\"margin-bottom: 12px\">Agla\u00e9<\/span>\r\n\t\t<h3 class=\"qodef-m-title\" >\n\t\t\t\t\tNotre philosophie du prendre soin \t\t\t<\/h3>\n\t<\/div>\t\t\t\t<\/div>\n\t\t\t\t<\/div>\n\t\t\t\t<div class=\"elementor-element elementor-element-2b17019 elementor-widget elementor-widget-text-editor\" data-id=\"2b17019\" data-element_type=\"widget\" data-widget_type=\"text-editor.default\">\n\t\t\t\t<div class=\"elementor-widget-container\">\n\t\t\t\t\t\t\t\t\t<ul><li>Connaitre l\u2019enfant et prendre en compte son individualit\u00e9 <\/li><li>Donner du temps et de l\u2019espace aux rythmes de l\u2019enfant <\/li><li>Aide-moi \u00e0 faire tout seul &#8211; <em>Maria Montessori<\/em> <\/li><li>La libre motricit\u00e9 &#8211; <em>E.Pickler<\/em> <\/li><\/ul>\t\t\t\t\t\t\t\t<\/div>\n\t\t\t\t<\/div>\n\t\t\t\t\t<\/div>\n\t\t<\/div>\n\t\t\t\t\t<\/div>\n\t\t<\/section>\n\t\t\t\t<\/div>\n\t\t","protected":false},"excerpt":{"rendered":"<p>Agla\u00e9 Philosophie du prendre soin Agla\u00e9 Cr\u00e9atif &amp; dynamique Notre projet est bas\u00e9 sur la p\u00e9dagogie active et sur l\u2019exp\u00e9rimentation dans le respect du rythme et des besoins de l\u2019enfant. L\u2019enfant explore sous le regard bienveillant de l\u2019adulte qui lui propose un environnement adapt\u00e9 et riche. Le projet se d\u00e9cline en fonction de th\u00e9matiques vari\u00e9es [&hellip;]<\/p>\n","protected":false},"author":1,"featured_media":0,"parent":0,"menu_order":0,"comment_status":"closed","ping_status":"closed","template":"page-full-width.php","meta":{"footnotes":""},"class_list":["post-9409","page","type-page","status-publish","hentry"],"_links":{"self":[{"href":"https:\/\/aglae92.fr\/index.php\/wp-json\/wp\/v2\/pages\/9409","targetHints":{"allow":["GET"]}}],"collection":[{"href":"https:\/\/aglae92.fr\/index.php\/wp-json\/wp\/v2\/pages"}],"about":[{"href":"https:\/\/aglae92.fr\/index.php\/wp-json\/wp\/v2\/types\/page"}],"author":[{"embeddable":true,"href":"https:\/\/aglae92.fr\/index.php\/wp-json\/wp\/v2\/users\/1"}],"replies":[{"embeddable":true,"href":"https:\/\/aglae92.fr\/index.php\/wp-json\/wp\/v2\/comments?post=9409"}],"version-history":[{"count":4,"href":"https:\/\/aglae92.fr\/index.php\/wp-json\/wp\/v2\/pages\/9409\/revisions"}],"predecessor-version":[{"id":9416,"href":"https:\/\/aglae92.fr\/index.php\/wp-json\/wp\/v2\/pages\/9409\/revisions\/9416"}],"wp:attachment":[{"href":"https:\/\/aglae92.fr\/index.php\/wp-json\/wp\/v2\/media?parent=9409"}],"curies":[{"name":"wp","href":"https:\/\/api.w.org\/{rel}","templated":true}]}}